0. Suppose 3*w + r = 4*i, 5*i - l*i + 5*w = 16. What is the units digit of i?
7
Let f be (-3 - -6)*(-2)/(-3). Suppose -2*w + 0*w = -8. Suppose -f*b + 2*h - w = 0, 9*h - 4*h - 18 = b. What is the units digit of b?
2
Let p(z) = -z**2 + z + 1. Let o be p(2). Let m be ((o - -1) + -1)*-25. Suppose 4*k = -k + m. What is the units digit of k?
5
Suppose -3*f + 245 = -2*j, -38 + 276 = 3*f + 5*j. What is the tens digit of f?
8
Let a(z) = -18*z**3 + 2*z - 1. Let w be a(1). Let u = -11 - w. Suppose 0 = -u*k + k + 70. What is the tens digit of k?
1
Let z be 2/(-6)*-3 - 24. Let k = 10 - z. What is the tens digit of k?
3
Suppose 13*s - 12*s - 26 = 0. What is the units digit of s?
6
Let l(t) be the second derivative of t**3/6 + 4*t**2 - 3*t. Let y(w) = w**2 + 6*w. Let u be y(-6). What is the units digit of l(u)?
8
Let u = 5 + 6. Suppose 2*k + 6 = 2*p, 0*k + u = 5*p - k. What is the units digit of p?
2
Let d = 27 - 8. Suppose d = 3*c + c + 3*y, -4*y = -20. What is the units digit of (c - 2)*-1 - -9?
0
Let m(z) = 8*z**2 + z. Let g be (2/2)/(3 - 2). What is the units digit of m(g)?
9
Suppose c - 240 = -5*k + 223, 4*c - 457 = -5*k. What is the tens digit of k?
9
Let o = -1300 + 532. Let g be (-5)/25 - o/15. Suppose x = -2*x + g. What is the tens digit of x?
1
Let c(l) = -l**3 + 3*l**2 + 4*l + 3. Suppose 4*b - 8*b = 8. What is the units digit of c(b)?
5
Let m = 12 - 11. What is the units digit of m?
1
Let d be 49*(2/2 - 0). Suppose -5*n + d = -51. What is the tens digit of n?
2
Let p = -48 + 78. Suppose 0 = -4*m - 5*d - 13, -3*m + p = 2*m - 3*d. Suppose -5*u + 4*f + 4 + 30 = 0, 2*u + m*f = 32. What is the tens digit of u?
1
Let s be 91/35 + 2/5. Let z be -3 + 1 + 2*3. Let a = z - s. What is the units digit of a?
1
Suppose 0 = x - 0*x. Let z(h) = -h**3 - 12. Let g be z(x). Let j = g + 21. What is the units digit of j?
9
Let y be 142/6 + 4/(-6). Suppose 0 = 5*j + 2*p - 115, -2*p = j - 2*j + y. What is the units digit of j?
3
Let c be 4/6 + 52/12. Suppose 0*o - c*o + 140 = 0. What is the units digit of o?
8
What is the units digit of 182/42 - (-4)/6?
5
Let s(c) = 3*c - 4. Let g(t) = 3*t - 4. Let l(w) = -5*g(w) + 4*s(w). What is the tens digit of l(-14)?
4
Suppose 4*p - 32 = 24. What is the units digit of p?
4
Let k(f) = 2*f**3 - 5*f**2 + 9*f + 1. What is the units digit of k(3)?
7
Suppose -3*u = -5*o + 6, 8 = -u - 3*o + 20. Suppose -u*y + 0 = -3. What is the units digit of y?
1
Let l = -3 - -5. Suppose -2*u = 2*m - 28, 2*m + m - l*u = 37. What is the tens digit of m?
1
Let u be -22 + 6 + -1 + 2. Let g = -1 - u. What is the units digit of g?
4
Suppose o = 3*o - 120. Suppose 5*w = 0, 0 = -5*n - 2*w + w + o. What is the units digit of n?
2
Let a = 6 - 4. Suppose -h - m = -4*m - 20, -2*h = a*m. What is the units digit of h?
5
Let q = 52 + -9. What is the tens digit of q?
4
Let s be -1*(0 + 1) + 29. Let a = s - 22. What is the units digit of a?
6
Let l(y) = -y**3 - y**2 + y + 1. Suppose -4 = f + f. What is the units digit of l(f)?
3
Let l(c) = c**2 + 4. Let t be l(0). Suppose t*m - 3 = -7. What is the units digit of (-28)/8*(-1 + m)?
7
Let j = 96 + -64. What is the units digit of j?
2
Let c = -183 + 414. What is the units digit of c?
1
Let g(q) = -q**3 - 9*q**2 - 10*q + 3. Let t be g(-8). Suppose -h - t = -2*h. What is the tens digit of h?
1
Suppose 5*n = -0*n. Suppose 2*l + n*h = -h + 14, -2*l + 5*h = 10. What is the units digit of l?
5
Suppose 12*m = 16*m - 1248. What is the hundreds digit of m?
3
Suppose 6*y + 478 = 8*y. What is the units digit of y?
9
Suppose 3 = 2*k + 27. Let c be k*2/((-16)/(-6)). What is the units digit of 3/c - (-104)/6?
7
Let i = 220 - 37. What is the units digit of i?
3
What is the tens digit of ((-25)/2)/((-4)/8)?
2
Suppose -4*n + 2*r = -4, 5*n - r + 5 = 13. Suppose -n*x - 12 = -4, 3*x + 4 = -2*m. What is the units digit of m?
4
Let u(a) = a**2 + 6*a - 11. Let c be u(-8). Let m = c + -2. Suppose -28 = -3*d + 5*v, 0 = -8*v + m*v - 10. What is the units digit of d?
6
Let m = -4 - -5. Let a = m - -1. Suppose -a*x - 6 = -14. What is the units digit of x?
4
Let x(m) = m**2 - m + 4. Let c be x(0). Suppose q + 5*f = -0*q + 4, q = 5*f + 14. Let u = q - c. What is the units digit of u?
5
Suppose -72 = -5*d + 2*d. Let q = d + 12. Suppose 4*v = -4*i + q, i + 5*v - 24 = v. What is the units digit of i?
4
Suppose 0 = -d - 5*d + 714. What is the units digit of d?
9
Suppose -4*g + u + 0*u + 17 = 0, g + 2*u = -7. What is the units digit of (80/(-12))/((-1)/g)?
0
Suppose -73 = -5*f + 27. What is the tens digit of f?
2
Let d(y) = -4*y**3 - 4*y**2 + 3*y - 4. What is the units digit of d(-5)?
1
Let h(r) be the second derivative of r**3/6 + r. Let c = 0 - -1. What is the units digit of h(c)?
1
Let o = 312 - 151. What is the hundreds digit of o?
1
Let d(g) = 2 - 13*g + 2 - 5. Let v(b) = b + 2. Let k be v(-3). What is the units digit of d(k)?
2
Let u(p) = -24*p**3 - p**2 - p - 1. What is the units digit of u(-1)?
3
Suppose -3*x - 2*x = -35. Let b = 1 + x. What is the units digit of b?
8
Suppose 5*b - 61 = -6. What is the tens digit of b?
1
Let r = 2 - -3. What is the units digit of r?
5
Let q(k) = 2*k**2 + 30*k + 60. What is the hundreds digit of q(-21)?
3
Let b(m) = 12*m**2 - m. Let x be b(-1). Suppose -3*s - r = -68, s - 2*r - x = -2. Suppose z - y = -4*z, -5*y + s = -4*z. What is the units digit of z?
1
Suppose 2*o + 0*o + 10 = 4*p, p - 5*o = -20. Suppose p*l - 85 = -5*r, 2*l - r - r = 42. Let k = l - 6. What is the tens digit of k?
1
Suppose 3*z - 5 = 10. Suppose -z*s + 4 + 1 = 0. What is the units digit of s?
1
Suppose 5*w + 58 = 2*g + w, 4*g = w + 109. What is the units digit of g?
7
Let x be 27/(-5) + 18/45. Let i(r) = r**3 + 4*r**2 - 4*r + 6. Let z be i(x). Suppose -j - 5 = -z, -o = 3*j + 5. What is the units digit of o?
7
Let m(z) be the second derivative of z**6/720 + z**5/24 - z**4/6 + z. Let w(s) be the third derivative of m(s). What is the units digit of w(-4)?
1
Let o(s) = -s**2 + s. Let w be o(0). Let b(p) = p**3 + p + 5. What is the units digit of b(w)?
5
Suppose 0*i - 3*i = 0. Let q(p) = p**2 - p. Let w be q(i). Let k = w + 3. What is the units digit of k?
3
Let j be 1/(-3) + 13/3. Suppose h - 3 = -2*u, 4*u = 3*u + 5*h - j. What is the units digit of u?
1
Suppose -28 - 4 = -2*i. Let x = i - -5. What is the tens digit of x?
2
Let v(o) = 36*o - 4. What is the tens digit of v(1)?
3
Let l = 24 + -22. Suppose -l*p + 42 = -0*p + 5*u, 0 = 3*p + 2*u - 85. What is the tens digit of p?
3
Let h(m) = 2*m + 39. What is the units digit of h(-18)?
3
Suppose 1830 = 68*h - 63*h. What is the units digit of h?
6
Let s be (-8)/(-6)*(-15)/(-2). Let r = 2 - -1. Let b = s - r. What is the units digit of b?
7
Let d(j) = 2*j**2 - 5*j**2 - 6*j - 7 + 2*j**2. Let n be d(-5). What is the units digit of (-6)/(n/((-4)/(-2)))?
6
Let o = -9 - -20. What is the units digit of o?
1
Let m(d) = d**2 + 6. Let t be m(0). Suppose 3*p = t*p - 12. Suppose 4*c - k = 114 - 40, 0 = -5*c - p*k + 82. What is the units digit of c?
8
Suppose 5 = -0*d - d, k + 4*d - 19 = 0. What is the units digit of k?
9
Suppose 23 = -2*r + 3*x, -6*r + 2*x = -3*r + 27. Let c = -4 - r. Suppose -c*j + 2 + 1 = 0. What is the units digit of j?
1
Let y = 1 - 3. Let a be 0 + (1 - 1) + -2. What is the units digit of (y/(-4))/(a/(-40))?
0
Suppose -c = -5*h + 518, -h = -4*h + c + 312. Suppose 3*v - h = -0*v - n, 0 = 3*v - 4*n - 113. What is the tens digit of v?
3
What is the units digit of ((-4)/(-10))/(3 - 19208/6405)?
6
Suppose 0 = -z - 0 + 3. Suppose z*s + 50 = 5*g + 4*s, 4*g - 46 = -2*s. What is the units digit of g?
9
Suppose -3*s + 8*s = 15. Suppose 0*h - 9 = -s*h, -12 = -2*k + 4*h. What is the units digit of k?
2
Suppose x - 26 = 74. Suppose x = 3*n + n. What is the tens digit of n?
2
What is the units digit of 3 - (-2 - (3 - -2))?
0
Let i = 8 - 7. What is the units digit of (-2 - (-11)/i)*1?
9
Suppose -3*n + 109 = 4*c, -5*c - 2*n + 109 = -36. What is the tens digit of c?
3
Suppose 3*j + 56 = 4*j. What is the tens digit of j?
5
Suppose -4*d = -4*r + 536, 5 + 5 = 5*d. What is the units digit of r?
6
Suppose -4*g + 5*g = -15. Let z = -11 - g. Suppose 2*q + 2 = z. What is the units digit of q?
1
Let v = -599 - -856. What is the units digit of v?
7
Let f(r) = r**2 - 3 - 1 + 3. What is the units digit of f(-3)?
8
Supp